e
Is 99669102493 prime?
False
Is 2474775467 a composite number?
True
Is 182658656483 prime?
False
Is 56223691879 composite?
True
Is 2356508153 composite?
False
Is 35431170869 prime?
False
Is 1246532303 a prime number?
False
Is 354928285 a composite number?
True
Is 148968557 prime?
False
Is 50477897 composite?
True
Is 884227177 a prime number?
False
Is 642755765 a composite number?
True
Is 3593546923 a composite number?
False
Is 37860206003 prime?
False
Is 2302576987 composite?
True
Is 18661129 a composite number?
False
Is 217605649 a prime number?
True
Is 117372624995 a composite number?
True
Is 11749229 a composite number?
True
Is 143747541451 composite?
False
Is 136179962923 composite?
True
Is 5223730693 a prime number?
False
Is 3022399999 prime?
False
Is 2421840049 a prime number?
False
Is 2763081851 prime?
False
Is 575959481 a prime number?
True
Is 3591427891 a prime number?
False
Is 5578072067 a composite number?
False
Is 365681617867 composite?
False
Is 41565792911 a composite number?
False
Is 822771907 a composite number?
False
Is 3686382433 prime?
False
Is 8429823433 a composite number?
True
Is 1363797889 a composite number?
False
Is 14337941297 a prime number?
False
Is 5491720759 a prime number?
False
Is 17863614803 a composite number?
True
Is 239637125929 a prime number?
True
Is 149714599 a prime number?
False
Is 105173616311 a composite number?
True
Is 8538633043 composite?
True
Is 21092543 composite?
False
Is 2968930163 a composite number?
False
Is 5402105299 prime?
False
Is 14860918733 a prime number?
True
Is 120608809 composite?
False
Is 1424049695 prime?
False
Is 4068123541 composite?
False
Is 10999676531 prime?
True
Is 1010880857 composite?
True
Is 3794733017 prime?
True
Is 21238089241 prime?
True
Is 57813119173 prime?
False
Is 14409630079 a composite number?
True
Is 3299907899 a composite number?
True
Is 3041410793 a prime number?
False
Is 3343421881 composite?
True
Is 1156284737 a composite number?
False
Is 20602428989 a composite number?
False
Is 1797486134 prime?
False
Is 77855771498 prime?
False
Is 419820493655 a prime number?
False
Is 321903317 a prime number?
True
Is 38606661053 a prime number?
False
Is 4224354067 composite?
True
Is 7457371 composite?
False
Is 408320201 a composite number?
False
Is 24650045099 composite?
False
Is 788903651 composite?
True
Is 109464204697 prime?
False
Is 120026235397 prime?
True
Is 19006117289 composite?
True
Is 16795006703 prime?
False
Is 1110492421 a composite number?
True
Is 63482147623 prime?
False
Is 70924277717 a prime number?
True
Is 4407753977 a prime number?
False
Is 25218998659 a prime number?
False
Is 5078921273 prime?
True
Is 855088027 a composite number?
True
Is 33436473731 a composite number?
False
Is 12557885815 a composite number?
True
Is 138407599 a prime number?
False
Is 8192054729 composite?
False
Is 6309842159 prime?
False
Is 15646650941 composite?
False
Is 12125395657 a prime number?
True
Is 60665563127 a prime number?
False
Is 253074204853 prime?
True
Is 1532631509 prime?
True
Is 979828121 a prime number?
True
Is 1980680155 a prime number?
False
Is 11093321014 a composite number?
True
Is 20857277 prime?
False
Is 97196524079 a prime number?
False
Is 258030180305 composite?
True
Is 1324877871 a prime number?
False
Is 326086193 a prime number?
True
Is 6369876053 a prime number?
True
Is 25753658761 a prime number?
True
Is 473868713 prime?
True
Is 56598099535 prime?
False
Is 2388567379 a composite number?
True
Is 8160337063 a prime number?
False
Is 70180966187 a prime number?
True
Is 400894163 prime?
False
Is 183483869 a composite number?
False
Is 5185416983 composite?
True
Is 9312151241 a composite number?
True
Is 11654379271 prime?
True
Is 675429977 a prime number?
True
Is 52298166727 a composite number?
False
Is 86168320273 a prime number?
False
Is 7453270765 a prime number?
False
Is 44150511857 prime?
False
Is 552411367 composite?
True
Is 11920748362 prime?
False
Is 196501127 a composite number?
False
Is 101895785239 a composite number?
True
Is 538390763 a composite number?
False
Is 813286289 prime?
False
Is 1106477123 a composite number?
True
Is 4090830079 composite?
True
Is 481888093 prime?
False
Is 120243594601 a prime number?
False
Is 9157989653 a composite number?
False
Is 1417354639 a prime number?
False
Is 7407915277 prime?
False
Is 401383159 prime?
False
Is 1462720091 composite?
True
Is 469024529 a composite number?
True
Is 101693587 composite?
False
Is 29832959969 a composite number?
False
Is 34478237713 prime?
True
Is 108144932327 a prime number?
False
Is 36580610617 prime?
False
Is 340446089 composite?
False
Is 41700053567 a prime number?
False
Is 1154235751 prime?
True
Is 4430908187 prime?
False
Is 90467643659 prime?
False
Is 127209479 a prime number?
True
Is 10105238687 a composite number?
False
Is 3887092471 composite?
False
Is 214986091 a composite number?
False
Is 269121439859 a composite number?
False
Is 17522181331 a composite number?
False
Is 19750325123 prime?
True
Is 6142067473 prime?
False
Is 2720966173 prime?
True
Is 5056594195 a prime number?
False
Is 30017268371 a prime number?
False
Is 3204652579 a composite number?
True
Is 506313659 prime?
False
Is 34840812731 composite?
True
Is 13587974411 composite?
True
Is 26471575267 prime?
False
Is 31850028421 prime?
False
Is 13947934573 a composite number?
True
Is 142608320117 prime?
True
Is 526663201 a composite number?
False
Is 84180483067 a prime number?
False
Is 1116221231 composite?
True
Is 650974297 composite?
False
Is 103678016693 a composite number?
False
Is 16426941443 a composite number?
True
Is 12040436063 a prime number?
False
Is 11534960257 composite?
False
Is 61800464503 composite?
True
Is 4342952219 prime?
False
Is 630653887 a prime number?
True
Is 135320231 a composite number?
False
Is 3705564883 composite?
False
Is 1470381383 prime?
True
Is 1286477503 a composite number?
False
Is 72772049011 prime?
False
Is 3285382333 prime?
False
Is 206329915187 composite?
True
Is 54677136379 a composite number?
False
Is 4348151039 prime?
True
Is 12868017586 a composite number?
True
Is 572736887 a prime number?
True
Is 113059737997 prime?
True
Is 6841691 a composite number?
True
Is 34481635829 a prime number?
True
Is 3332222609 a prime number?
False
Is 11609620073 a prime number?
False
Is 6081656809 a composite number?
False
Is 5294282023 composite?
False
Is 23167952882 a prime number?
False
Is 55369087247 a composite number?
True
Is 249360113 prime?
True
Is 894285751 a prime number?
True
Is 223906871 a composite number?
True
Is 76229322319 composite?
False
Is 6344349659 a prime number?
True
Is 4785747373 prime?
False
Is 535130683 prime?
True
Is 2185133213 a prime number?
True
Is 27326636657 composite?
False
Is 1090330511 prime?
False
Is 24945789569 composite?
False
Is 14822394781 a composite number?
True
Is 138682833 a prime number?
False
Is 8491410717 prime?
False
Is 1060622438 composite?
True
Is 1106272553 a composite number?
True
Is 37257215239 composite?
False
Is 2733682751 composite?
False
Is 53735033393 a composite number?
False
Is 6734269207 prime?
True
Is 665454901 a prime number?
False
Is 6231348751 a prime number?
False
Is 13557699077 prime?
False
Is 142528271 a prime number?
False
Is 5683393673 prime?
True
Is 12417042733 a composite number?
False
Is 21524105 a composite number?
True
Is 585941329 a composite number?
True
Is 1641639143 composite?
True
Is 450456856243 a composite number?
False
Is 25335103321 prime?
False
Is 10366323281 a prime number?
False
Is 441069389 prime?
True
Is 269462433 prime?
False
Is 7178038415 a prime number?
False
Is 269728419533 a composite number?
True
Is 2882417861 a composite number?
False
Is 15139466863 composite?
False
Is 1511067319 composite?
True
Is 17922337751 composite?
False
Is 700822289 a prime number?
True
Is 2609786449 prime?
True
Is 23160343 prime?
True
Is 460053283 a composite number?
True
Is 446103011 prime?
False
Is 177450817801 prime?
True
Is 1846148389 prime?
True
Is 39658362319 a composite number?
False
Is 80038093405 composite?
True
Is 31376368999 prime?
False
Is 2424900993 composite?
True
Is 7376099473 a composite number?
False
Is 13395269659 prime?
True
Is 298542199 prime?
False
Is 58414435 prime?
False
Is 2920012519 composite?
False
I